[INFO] cloning repository https://github.com/StyMaar/commenters
[INFO] running `Command { std: "git" "-c" "credential.helper=" "-c" "credential.helper=/workspace/cargo-home/bin/git-credential-null" "clone" "--bare" "https://github.com/StyMaar/commenters" "/workspace/cache/git-repos/https%3A%2F%2Fgithub.com%2FStyMaar%2Fcommenters", kill_on_drop: false }`
[INFO] [stderr] Cloning into bare repository '/workspace/cache/git-repos/https%3A%2F%2Fgithub.com%2FStyMaar%2Fcommenters'...
[INFO] running `Command { std: "git" "rev-parse" "HEAD", kill_on_drop: false }`
[INFO] [stdout] 99ab71a08f9beee62663f4f1f496f7ac43d9931f
[INFO] building StyMaar/commenters against master#881c1ac408d93bb7adaa3a51dabab9266e82eee8 for issue-85264
[INFO] running `Command { std: "git" "clone" "/workspace/cache/git-repos/https%3A%2F%2Fgithub.com%2FStyMaar%2Fcommenters" "/workspace/builds/worker-0/source", kill_on_drop: false }`
[INFO] [stderr] Cloning into '/workspace/builds/worker-0/source'...
[INFO] [stderr] done.
[INFO] validating manifest of git repo https://github.com/StyMaar/commenters on toolchain 881c1ac408d93bb7adaa3a51dabab9266e82eee8
[INFO] running `Command { std: "/workspace/cargo-home/bin/cargo" "+881c1ac408d93bb7adaa3a51dabab9266e82eee8" "metadata" "--manifest-path" "Cargo.toml" "--no-deps", kill_on_drop: false }`
[INFO] started tweaking git repo https://github.com/StyMaar/commenters
[INFO] finished tweaking git repo https://github.com/StyMaar/commenters
[INFO] tweaked toml for git repo https://github.com/StyMaar/commenters written to /workspace/builds/worker-0/source/Cargo.toml
[INFO] crate git repo https://github.com/StyMaar/commenters already has a lockfile, it will not be regenerated
[INFO] running `Command { std: "/workspace/cargo-home/bin/cargo" "+881c1ac408d93bb7adaa3a51dabab9266e82eee8" "fetch" "--manifest-path" "Cargo.toml", kill_on_drop: false }`
[INFO] [stderr]     Updating crates.io index
[INFO] [stderr]     Blocking waiting for file lock on package cache
[INFO] [stderr]  Downloading crates ...
[INFO] [stderr]   Downloaded serde_derive v1.0.23
[INFO] [stderr]   Downloaded time v0.1.38
[INFO] [stderr]   Downloaded pear_codegen v0.0.10
[INFO] [stderr]   Downloaded state v0.3.2
[INFO] [stderr]   Downloaded rocket v0.3.3
[INFO] [stderr]   Downloaded thread_local v0.3.4
[INFO] [stderr]   Downloaded unicase_serde v0.1.0
[INFO] [stderr]   Downloaded serde v1.0.23
[INFO] [stderr]   Downloaded serde_json v1.0.7
[INFO] [stderr]   Downloaded serde_derive_internals v0.17.0
[INFO] [stderr]   Downloaded uuid v0.4.0
[INFO] [stderr]   Downloaded regex-syntax v0.4.1
[INFO] [stderr]   Downloaded libsqlite3-sys v0.8.1
[INFO] [stderr]   Downloaded rocket_cors v0.2.1
[INFO] [stderr]   Downloaded pear v0.0.10
[INFO] [stderr]   Downloaded regex v0.2.3
[INFO] [stderr]   Downloaded ammonia v1.2.0
[INFO] [stderr]   Downloaded rocket_codegen v0.3.3
[INFO] [stderr]   Downloaded redox_syscall v0.1.32
[INFO] [stderr]   Downloaded num_cpus v1.7.0
[INFO] [stderr]   Downloaded num v0.1.41
[INFO] [stderr]   Downloaded rocket_contrib v0.3.3
[INFO] running `Command { std: "docker" "create" "-v" "/var/lib/crater-agent-workspace/builds/worker-0/target:/opt/rustwide/target:rw,Z" "-v" "/var/lib/crater-agent-workspace/builds/worker-0/source:/opt/rustwide/workdir:ro,Z" "-v" "/var/lib/crater-agent-workspace/cargo-home:/opt/rustwide/cargo-home:ro,Z" "-v" "/var/lib/crater-agent-workspace/rustup-home:/opt/rustwide/rustup-home:ro,Z" "-e" "SOURCE_DIR=/opt/rustwide/workdir" "-e" "CARGO_TARGET_DIR=/opt/rustwide/target" "-e" "CARGO_HOME=/opt/rustwide/cargo-home" "-e" "RUSTUP_HOME=/opt/rustwide/rustup-home" "-w" "/opt/rustwide/workdir" "-m" "1610612736" "--user" "0:0" "--network" "none" "ghcr.io/rust-lang/crates-build-env/linux@sha256:20528e8c29e4536546f0102ce88568b16ea7538393a33fcca951030f7af10457" "/opt/rustwide/cargo-home/bin/cargo" "+881c1ac408d93bb7adaa3a51dabab9266e82eee8" "metadata" "--no-deps" "--format-version=1", kill_on_drop: false }`
[INFO] [stdout] e7b8420adba0094038ac758e734158b3ad6bc21453f88cb8bb51c5aedb1e1710
[INFO] [stderr] WARNING: Your kernel does not support swap limit capabilities or the cgroup is not mounted. Memory limited without swap.
[INFO] running `Command { std: "docker" "start" "-a" "e7b8420adba0094038ac758e734158b3ad6bc21453f88cb8bb51c5aedb1e1710", kill_on_drop: false }`
[INFO] running `Command { std: "docker" "inspect" "e7b8420adba0094038ac758e734158b3ad6bc21453f88cb8bb51c5aedb1e1710", kill_on_drop: false }`
[INFO] running `Command { std: "docker" "rm" "-f" "e7b8420adba0094038ac758e734158b3ad6bc21453f88cb8bb51c5aedb1e1710", kill_on_drop: false }`
[INFO] [stdout] e7b8420adba0094038ac758e734158b3ad6bc21453f88cb8bb51c5aedb1e1710
[INFO] running `Command { std: "docker" "create" "-v" "/var/lib/crater-agent-workspace/builds/worker-0/target:/opt/rustwide/target:rw,Z" "-v" "/var/lib/crater-agent-workspace/builds/worker-0/source:/opt/rustwide/workdir:ro,Z" "-v" "/var/lib/crater-agent-workspace/cargo-home:/opt/rustwide/cargo-home:ro,Z" "-v" "/var/lib/crater-agent-workspace/rustup-home:/opt/rustwide/rustup-home:ro,Z" "-e" "SOURCE_DIR=/opt/rustwide/workdir" "-e" "CARGO_TARGET_DIR=/opt/rustwide/target" "-e" "CARGO_INCREMENTAL=0" "-e" "RUST_BACKTRACE=full" "-e" "RUSTFLAGS=--cap-lints=forbid" "-e" "CARGO_HOME=/opt/rustwide/cargo-home" "-e" "RUSTUP_HOME=/opt/rustwide/rustup-home" "-w" "/opt/rustwide/workdir" "-m" "1610612736" "--user" "0:0" "--network" "none" "ghcr.io/rust-lang/crates-build-env/linux@sha256:20528e8c29e4536546f0102ce88568b16ea7538393a33fcca951030f7af10457" "/opt/rustwide/cargo-home/bin/cargo" "+881c1ac408d93bb7adaa3a51dabab9266e82eee8" "build" "--frozen" "--message-format=json", kill_on_drop: false }`
[INFO] [stdout] aeaaadaf4914c401bb2022752d7e4c278ab2de9f5e2f63ee6c3e17b6c426330e
[INFO] [stderr] WARNING: Your kernel does not support swap limit capabilities or the cgroup is not mounted. Memory limited without swap.
[INFO] running `Command { std: "docker" "start" "-a" "aeaaadaf4914c401bb2022752d7e4c278ab2de9f5e2f63ee6c3e17b6c426330e", kill_on_drop: false }`
[INFO] [stderr]    Compiling libc v0.2.34
[INFO] [stderr]    Compiling rand_core v0.4.2
[INFO] [stderr]    Compiling autocfg v0.1.7
[INFO] [stderr]    Compiling lazy_static v0.2.11
[INFO] [stderr]    Compiling serde v1.0.23
[INFO] [stderr]    Compiling siphasher v0.2.3
[INFO] [stderr]    Compiling proc-macro2 v1.0.27
[INFO] [stderr]    Compiling either v1.4.0
[INFO] [stderr]    Compiling num-traits v0.1.41
[INFO] [stderr]    Compiling scopeguard v0.3.3
[INFO] [stderr]    Compiling rayon-core v1.3.0
[INFO] [stderr]    Compiling unicode-xid v0.2.2
[INFO] [stderr]    Compiling byteorder v1.2.1
[INFO] [stderr]    Compiling percent-encoding v1.0.1
[INFO] [stderr]    Compiling yansi v0.3.4
[INFO] [stderr]    Compiling proc-macro2 v0.4.30
[INFO] [stderr]    Compiling unicode-xid v0.1.0
[INFO] [stderr]    Compiling new_debug_unreachable v1.0.4
[INFO] [stderr]    Compiling syn v0.15.44
[INFO] [stderr]    Compiling void v1.0.2
[INFO] [stderr]    Compiling httparse v1.2.3
[INFO] [stderr]    Compiling typeable v0.1.2
[INFO] [stderr]    Compiling language-tags v0.2.2
[INFO] [stderr]    Compiling traitobject v0.1.0
[INFO] [stderr]    Compiling utf-8 v0.7.6
[INFO] [stderr]    Compiling pear v0.0.10
[INFO] [stderr]    Compiling state v0.3.2
[INFO] [stderr]    Compiling pear_codegen v0.0.10
[INFO] [stderr]    Compiling lazy_static v1.4.0
[INFO] [stderr]    Compiling regex-syntax v0.4.1
[INFO] [stderr]    Compiling cfg-if v1.0.0
[INFO] [stderr]    Compiling ansi_term v0.9.0
[INFO] [stdout] error[E0557]: feature has been removed
[INFO] [stdout]  --> /opt/rustwide/cargo-home/registry/src/github.com-1ecc6299db9ec823/pear_codegen-0.0.10/src/lib.rs:1:45
[INFO] [stdout]   |
[INFO] [stdout] 1 | #![feature(plugin_registrar, rustc_private, quote)]
[INFO] [stdout]   |                                             ^^^^^ feature has been removed
[INFO] [stdout] 
[INFO] [stdout] 
[INFO] [stdout] error[E0462]: found staticlib `rustc` instead of rlib or dylib
[INFO] [stdout]  --> /opt/rustwide/cargo-home/registry/src/github.com-1ecc6299db9ec823/pear_codegen-0.0.10/src/lib.rs:3:1
[INFO] [stdout]   |
[INFO] [stdout] 3 | extern crate rustc;
[INFO] [stdout]   | ^^^^^^^^^^^^^^^^^^^
[INFO] [stdout]   |
[INFO] [stdout]   = help: please recompile that crate using --crate-type lib
[INFO] [stdout]   = note: the following crate versions were found:
[INFO] [stdout]           crate `rustc`: /opt/rustwide/rustup-home/toolchains/881c1ac408d93bb7adaa3a51dabab9266e82eee8/lib/rustlib/x86_64-unknown-linux-gnu/lib/librustc-nightly_rt.msan.a
[INFO] [stdout]           crate `rustc`: /opt/rustwide/rustup-home/toolchains/881c1ac408d93bb7adaa3a51dabab9266e82eee8/lib/rustlib/x86_64-unknown-linux-gnu/lib/librustc-nightly_rt.lsan.a
[INFO] [stdout]           crate `rustc`: /opt/rustwide/rustup-home/toolchains/881c1ac408d93bb7adaa3a51dabab9266e82eee8/lib/rustlib/x86_64-unknown-linux-gnu/lib/librustc-nightly_rt.asan.a
[INFO] [stdout]           crate `rustc`: /opt/rustwide/rustup-home/toolchains/881c1ac408d93bb7adaa3a51dabab9266e82eee8/lib/rustlib/x86_64-unknown-linux-gnu/lib/librustc-nightly_rt.tsan.a
[INFO] [stdout] 
[INFO] [stdout] 
[INFO] [stdout] error: aborting due to 2 previous errors
[INFO] [stdout] 
[INFO] [stdout] 
[INFO] [stdout] For more information about this error, try `rustc --explain E0557`.
[INFO] [stdout] 
[INFO] [stderr] error: could not compile `pear_codegen`
[INFO] [stderr] 
[INFO] [stderr] To learn more, run the command again with --verbose.
[INFO] [stderr] warning: build failed, waiting for other jobs to finish...
[INFO] [stdout] error[E0635]: unknown feature `const_atomic_bool_new`
[INFO] [stdout]  --> /opt/rustwide/cargo-home/registry/src/github.com-1ecc6299db9ec823/yansi-0.3.4/src/lib.rs:1:40
[INFO] [stdout]   |
[INFO] [stdout] 1 | #![cfg_attr(feature="nightly", feature(const_atomic_bool_new))]
[INFO] [stdout]   |                                        ^^^^^^^^^^^^^^^^^^^^^
[INFO] [stdout] 
[INFO] [stdout] 
[INFO] [stdout] error: aborting due to previous error
[INFO] [stdout] 
[INFO] [stdout] 
[INFO] [stdout] For more information about this error, try `rustc --explain E0635`.
[INFO] [stdout] 
[INFO] [stdout] error[E0658]: trait bounds other than `Sized` on const fn parameters are unstable
[INFO] [stdout]   --> /opt/rustwide/cargo-home/registry/src/github.com-1ecc6299db9ec823/state-0.3.2/src/container.rs:97:18
[INFO] [stdout]    |
[INFO] [stdout] 97 |             map: UnsafeCell::new(0 as *mut _),
[INFO] [stdout]    |                  ^^^^^^^^^^^^^^^^^^^^^^^^^^^^
[INFO] [stdout]    |
[INFO] [stdout]    = note: see issue #57563 <https://github.com/rust-lang/rust/issues/57563> for more information
[INFO] [stdout]    = help: add `#![feature(const_fn_trait_bound)]` to the crate attributes to enable
[INFO] [stdout] 
[INFO] [stdout] 
[INFO] [stdout] error[E0658]: trait bounds other than `Sized` on const fn parameters are unstable
[INFO] [stdout]   --> /opt/rustwide/cargo-home/registry/src/github.com-1ecc6299db9ec823/state-0.3.2/src/container.rs:97:34
[INFO] [stdout]    |
[INFO] [stdout] 97 |             map: UnsafeCell::new(0 as *mut _),
[INFO] [stdout]    |                                  ^^^^^^^^^^^
[INFO] [stdout]    |
[INFO] [stdout]    = note: see issue #57563 <https://github.com/rust-lang/rust/issues/57563> for more information
[INFO] [stdout]    = help: add `#![feature(const_fn_trait_bound)]` to the crate attributes to enable
[INFO] [stdout] 
[INFO] [stdout] 
[INFO] [stdout] error[E0658]: trait bounds other than `Sized` on const fn parameters are unstable
[INFO] [stdout]   --> /opt/rustwide/cargo-home/registry/src/github.com-1ecc6299db9ec823/state-0.3.2/src/storage.rs:58:6
[INFO] [stdout]    |
[INFO] [stdout] 58 | impl<T: Send + Sync + 'static> Storage<T> {
[INFO] [stdout]    |      ^
[INFO] [stdout]    |
[INFO] [stdout]    = note: see issue #57563 <https://github.com/rust-lang/rust/issues/57563> for more information
[INFO] [stdout]    = help: add `#![feature(const_fn_trait_bound)]` to the crate attributes to enable
[INFO] [stdout] 
[INFO] [stdout] 
[INFO] [stdout] error: aborting due to 3 previous errors
[INFO] [stdout] 
[INFO] [stdout] 
[INFO] [stdout] For more information about this error, try `rustc --explain E0658`.
[INFO] [stdout] 
[INFO] [stderr] error: build failed
[INFO] running `Command { std: "docker" "inspect" "aeaaadaf4914c401bb2022752d7e4c278ab2de9f5e2f63ee6c3e17b6c426330e", kill_on_drop: false }`
[INFO] running `Command { std: "docker" "rm" "-f" "aeaaadaf4914c401bb2022752d7e4c278ab2de9f5e2f63ee6c3e17b6c426330e", kill_on_drop: false }`
[INFO] [stdout] aeaaadaf4914c401bb2022752d7e4c278ab2de9f5e2f63ee6c3e17b6c426330e
